125 + 10*i + 144 + 39*i**2 - 47*i**2 - i**3. Determine p(-9).
10
Let y(j) be the first derivative of 5*j + 5/2*j**2 + 38. What is y(-5)?
-20
Let w(m) = 13*m - 8 - 2*m**3 + 2167*m**2 + 0*m**3 + 4*m - 2153*m**2. Calculate w(8).
0
Let t(l) be the second derivative of -l**4/12 + l**3 + 2*l**2 - 2036*l. Give t(5).
9
Let j be (-3 - (-87)/9)*(-2739)/(-44). Let a(y) = 816 - y - 419 - j. Calculate a(-12).
-6
Suppose -59166*b = -59076*b + 90. Let d(p) = -2*p**2 - 3*p**2 + 13*p**2 - p - 1. Calculate d(b).
8
Suppose 32 = 11*m + 9*m - 48. Let f(n) be the third derivative of 0*n + 0 - 3*n**2 - 1/3*n**3 - 5/24*n**4 + 1/60*n**5. Calculate f(m).
-6
Let h be (2*145/60)/((-4)/(-24)). Suppose 6*q = h*q - 207. Let b(o) = -2*o + 14. Let t(c) = -3*c + 21. Let m(v) = -7*b(v) + 5*t(v). Calculate m(q).
-2
Suppose -14 = 3*t - n, 5*t + 40 = -0*n + 5*n. Let g(d) be the first derivative of 3/2*d**2 - d + 90. What is g(t)?
-10
Let m(z) = z**3 - 4*z**2 + 3*z + 4. Let k = -419 + 487. Let x = 71 - k. Determine m(x).
4
Let q be (0 - -21)*(4/18)/(84/126). Let k(z) = -9*z + 54. Calculate k(q).
-9
Let a(s) = -5 - 5*s + 3*s**2 - 2*s**2 + 15 + 15*s. Let q be 1 - (12/9 - 7/3). Suppose -q = -2*t, -g = -3*g - 5*t - 13. Calculate a(g).
1
Suppose -750*x - n = -749*x - 2, 5*x + 2*n = 4. Let c(b) = -2*b - 3. Let o(d) = -6*d - 9. Let w(i) = -11*c(i) + 4*o(i). Determine w(x).
-3
Let q(d) be the third derivative of d**4/4 + 7*d**3/6 - 5152*d**2. Calculate q(-14).
-77
Let s(k) = -5*k**2 - 8*k + 235. Let a(p) = 4*p**2 + 7*p - 199. Let w(b) = -4*a(b) - 3*s(b). Give w(-11).
14
Let f(b) be the first derivative of -b**2/2 + 53*b - 244. Give f(0).
53
Let y(d) = 2*d + 4. Let s be (1*(-4)/(-8))/((-10)/2980). Let p = s + 147. Determine y(p).
0
Let w(z) = -23283*z + 1 + 23282*z + 0*z**3 + 2*z**3. Give w(2).
15
Let l(k) = -k**2 - 9*k + 27. Suppose -216*f = -232*f - 176. What is l(f)?
5
Let i(w) = -w**3 - 7*w**2 - 2*w + 19. Let h be ((-1809)/(-335)*(-10)/6)/((-3)/(-2)). Give i(h).
-5
Let g(i) = 7*i**3 + 3*i**2 - 15*i + 68. Let d(b) = 9*b**3 - 17*b + 68. Let j(p) = 3*d(p) - 4*g(p). What is j(-13)?
-16
Let y = -184 - -207. Let h(l) = -42*l + y*l - 12 + 28*l - l**2. What is h(9)?
-12
Let o(y) = -7*y**2 - 6*y + 217. Let r(v) = 4*v**2 + 3*v - 97. Let l(f) = -4*o(f) - 9*r(f). Determine l(2).
-33
Let j be (51/(-9) + 1)*(-21)/14. Let o(w) be the first derivative of -w**3/3 + 4*w**2 - 4*w - 807. Give o(j).
3
Let p(k) = 11*k**3 + 9*k**2 + 16*k + 6. Let h(y) = 13*y**3 + 10*y**2 + 17*y + 7. Let i(r) = 6*h(r) - 7*p(r). What is i(5)?
0
Let m(w) be the third derivative of 0 + 1/12*w**4 + 0*w**3 - 123*w**2 + 0*w. Calculate m(1).
2
Let x(u) = 198*u - 585. Let m be x(3). Let j(v) = -7*v + 9. Determine j(m).
-54
Suppose 5*r = 5*l - 30, -15*l = -18*l + r + 10. Let g(q) = 27*q - 3. Give g(l).
51
Let k(m) = 14*m**2 - 26*m + 34 - 22 - 14*m**3 + 13*m**3. Calculate k(12).
-12
Let x(t) = 18*t**2 - 53 + 30*t**2 - 146*t**2 + 53 - t. Calculate x(1).
-99
Let s = -6 - -7. Let b(t) be the third derivative of 11*t**6/120 + t**5/60 - t**4/24 - 937*t**2. Calculate b(s).
11
Let q(f) = -f**3 + f**2 + 4*f - 3. Let n = -1430 - -2213. Let g = -781 + n. What is q(g)?
1
Let t(m) = -21*m**2 - 4990*m**3 - 15 + 9950*m**3 - 4959*m**3 + 3*m. Determine t(21).
48
Suppose -79*m = -74*m - 45. Let w(q) = 5*q - 20. Calculate w(m).
25
Suppose 2*p = -5*w + 5*p + 25, 0 = 3*w + 3*p + 9. Let y(g) = -311*g**2 + 7 + 310*g**w + 6 - g. Calculate y(0).
13
Let f(r) = -10*r + 7. Let b(o) = 22*o - 15. Let s(h) = 4*b(h) + 9*f(h). Let z(n) = n. Let t(q) = s(q) - 5*z(q). Suppose 0 = 5*u - 6 - 4. Calculate t(u).
-11
Suppose -12 = v - 7*v - 2*p, 0 = -4*p. Let m(z) = z**3 + 921*z**2 + 0*z**3 + 6 - 907*z**v + 1. Calculate m(-14).
7
Let z(o) be the second derivative of -1/2*o**2 - 4*o - 1/3*o**3 + 3. What is z(-2)?
3
Let v(m) = -m**3 - 4*m. Suppose -o - 1 = -467*d + 464*d, 21 = -2*d + 5*o. Give v(d).
-16
Let f be ((-5)/(75/(-12)))/(32/320). Let p(h) be the third derivative of 0*h + f*h**2 + 5/6*h**3 + 0 - 5/24*h**4 + 1/60*h**5. Give p(4).
1
Let j be 4/18 + 387/81 + -5. Suppose -5*t - 5*w + 20 = j, 18 = 4*t + 4*w + w. Let u(z) = 2*z**2 + 3*z - 1. Calculate u(t).
13
Let p(v) = -v**3 + 7*v**2 - 8. Suppose -5*g - 4*n = 1560, -4*g + 239 = -n + 1487. Let s = g - -319. Determine p(s).
-8
Let v = 110 + -126. Let s be ((-1)/4)/((-2)/v) - 3. Let f(o) = -o**3 - 5*o**2 + o + 3. Give f(s).
-2
Let o(l) = -l**3 + 9*l**2 - 18*l + 33. Let y be o(7). Suppose -2*n + y*w + 16 = -6*n, 0 = -5*w. Let m(t) = -4*t**2 - 4 - 3*t - 1 - t**3 - 2*t. Determine m(n).
15
Let z(h) = -985*h - 1406. Let a(g) = 1406*g + 2109. Let k(l) = -7*a(l) - 10*z(l). What is k(88)?
1
Let y(c) be the first derivative of 6 - c - 1/3*c**3 + 11/2*c**2. Determine y(6).
29
Let t be 2/(-6) + (-8)/(-6) + (-21 - -17). Let r = -7 - -17. Let z(h) = -r + 4 - h + 0*h. Give z(t).
-3
Let q be (0 - -1) + (-20 - -21). Let g(s) = s**3 + 23 - 12 + 3*s**q - 6 - 7*s - 6. Give g(-5).
-16
Let i(s) = -s + 4. Let z be -1 - 72/7 - (-262)/917. Let d(k) = -k - 1. Let h(g) = -g + 38. Let m(n) = -4*d(n) + h(n). Let v be m(z). Determine i(v).
-5
Let c be (-3)/(-6) - 3/(-2). Let m(k) = -11 + 24*k**2 - 10*k**c - 15*k**2 - 8*k. Give m(-8).
-11
Let b(i) = -3*i**2 - i + 1. Let m(v) = v**2. Let d(y) = -3*b(y) - 8*m(y). Let c be ((-116)/(-406))/(4/14). Let h be c - ((-640)/(-112) - 2/(-7)). Give d(h).
7
Let i = -27 - -25. Let r(x) = -2*x**2 + 6*x - 10. Let c(q) = -q**2 + q - 2. Let b(w) = 5*c(w) - r(w). Give b(i).
-10
Suppose -8*f = -3*f - 5. Suppose -4*u = 5*h - 78, u = 3*u - 4*h - 52. Let k(t) = 4*t - 11*t + u*t - t. Determine k(f).
14
Let x = 3782 - 3779. Let o(q) be the second derivative of -q**5/20 + q**4/4 - 2*q**2 - 14*q. Determine o(x).
-4
Let u(m) = -6*m**2 + 4*m**3 + 5 + m + 0*m**2 - 3. Let f be (-21)/((-273)/(-2))*(-104)/32*4. What is u(f)?
12
Let p(l) = -l**2 - 4*l + 7. Suppose 0*t = -t - 8. Let y(k) = k**2 + 7*k - 10. Let z be y(t). Let u be (z/(-2))/((-5)/25). What is p(u)?
2
Let u(w) = 13*w - 181. Suppose 379*q + 139 = 386*q + 41. What is u(q)?
1
Let o(z) be the first derivative of z**6/120 - z**5/20 - 7*z**4/24 + z**3/6 + 33*z**2/2 - 2*z + 80. Let i(k) be the second derivative of o(k). Determine i(5).
16
Let h(g) = -19*g**3 + 3*g**2 - 3*g - 2. Let i(w) = 56*w**3 - 11*w**2 + 10*w + 7. Let a(s) = 7*h(s) + 2*i(s). Determine a(-1).
21
Let s(h) = -6*h**3 + 16*h**2 - 30*h - 17. Let u(m) = 11*m**3 - 30*m**2 + 61*m + 33. Let l(t) = 13*s(t) + 7*u(t). What is l(-7)?
-4
Suppose 114*m + 34 = -194. Let s(h) = -h**2 + 45*h + 95. What is s(m)?
1
Let h = 503 - 475. Let d be 5 + 5/(-10)*h*1. Let k(z) = z**3 + 8*z**2 - 5*z + 6. Determine k(d).
-30
Let b(p) = -2*p + 9. Let g(o) = 5*o - 19. Let d(k) = 13*b(k) + 6*g(k). Let w be (24/(-60))/((-1)/110). Suppose -w - 25 = 23*s. Calculate d(s).
-9
Let m(z) be the first derivative of 4*z**2 - 1/8*z**4 + 5 + 0*z - 5/6*z**3. Let a(q) be the second derivative of m(q). Give a(-6).
13
Let t(g) = -13*g + 0*g**2 + g**3 + 23*g + g**2 - 18509 + 18525. What is t(-2)?
-8
Let o(j) = j**2 + 3*j + 1. Let v be o(-4). Suppose 6 = v*k - 2*k. Let u(n) = -n**2 - 3*n + 5. Let h be u(k). Let t(d) = -3*d + 6. Determine t(h).
21
Let a(v) = -2*v**2 - 2*v + 2. Let x be (-11)/(-2) + 3/(-6). Suppose -3*f - x*f = -224. Suppose -3*u - 2 = 5*s, 5*u = 5*s - s - f. Determine a(s).
-10
Suppose 64*m - 66*m + 22 = 0. Let z(v) = 11 + v**3 - 4 - 2 - m - 9*v - 6 - 8*v**2. Calculate z(9).
-12
Let q(f) = f**2 - 9*f + 3. Let o = -20 + 18. Let i be o*((-18)/4)/(-1) + -3. Let a be 1 + i/(-2) + -1. Determine q(a).
-15
Suppose 132*u + 571 = -84*u - 5909. Let q(t) = -t**3 - 29*t**2 + 29*t - 16. Determine q(u).
14
Let c(o) = -o**2 + 11*o + 3. Let x(k) = k**3 + 18*k**2 - 22*k - 46. Let l = -94 + 75. Let y be x(l). Give c(y).
3
Let p(w) = -2*w**2 - 83*w + 857788 - 3*w**2 - 857758. Calculate p(-17).
-4
Let u be 44/(-242) - (-324)/(-33). Let t(p) = 2*p**2 + 28*p + 34. Determine t(u).
-46
Let u(r) = 23*r + 11244 - 22447 + 11068. What is u(6)?
3
Let h be (-2)/(-4)*(14 - 12). Let a(u) be the first derivative of -5*u**4/4 - u**3/3 + u**2/2 - u - 1287. Calculate a(h).
-6
Let d = 17 + 41. Let h be (46 - 101)/(2 - 3). Let s = h - d. Let i(o) = -o**2 - 6*o + 1. Give i(s).
10
Let o(x) be the second derivative of x**5/20 + x**4/4 - x**3/6 + 13*x. Let u be 5 + 2*4/8*-1. Suppose 